[INFO] fetching crate sqlx-conditional-queries-core 0.1.2...
[INFO] checking sqlx-conditional-queries-core-0.1.2 against master#e6e4f7ed1589e03bc2f6c5931c1a72e7947e8682 for beta-170-4
[INFO] extracting crate sqlx-conditional-queries-core 0.1.2 into /workspace/builds/worker-1-tc2/source
[INFO] validating manifest of crates.io crate sqlx-conditional-queries-core 0.1.2 on toolchain e6e4f7ed1589e03bc2f6c5931c1a72e7947e8682
[INFO] running `Command { std: CARGO_HOME="/workspace/cargo-home" RUSTUP_HOME="/workspace/rustup-home" "/workspace/cargo-home/bin/cargo" "+e6e4f7ed1589e03bc2f6c5931c1a72e7947e8682" "metadata" "--manifest-path" "Cargo.toml" "--no-deps", kill_on_drop: false }`
[INFO] started tweaking crates.io crate sqlx-conditional-queries-core 0.1.2
[INFO] finished tweaking crates.io crate sqlx-conditional-queries-core 0.1.2
[INFO] tweaked toml for crates.io crate sqlx-conditional-queries-core 0.1.2 written to /workspace/builds/worker-1-tc2/source/Cargo.toml
[INFO] running `Command { std: CARGO_HOME="/workspace/cargo-home" RUSTUP_HOME="/workspace/rustup-home" __CARGO_TEST_CHANNEL_OVERRIDE_DO_NOT_USE_THIS="nightly" "/workspace/cargo-home/bin/cargo" "+e6e4f7ed1589e03bc2f6c5931c1a72e7947e8682" "generate-lockfile" "--manifest-path" "Cargo.toml" "-Zno-index-update", kill_on_drop: false }`
[INFO] running `Command { std: CARGO_HOME="/workspace/cargo-home" RUSTUP_HOME="/workspace/rustup-home" "/workspace/cargo-home/bin/cargo" "+e6e4f7ed1589e03bc2f6c5931c1a72e7947e8682" "fetch" "--manifest-path" "Cargo.toml", kill_on_drop: false }`
[INFO] running `Command { std: "docker" "create" "-v" "/var/lib/crater-agent-workspace/builds/worker-1-tc2/target:/opt/rustwide/target:rw,Z" "-v" "/var/lib/crater-agent-workspace/builds/worker-1-tc2/source:/opt/rustwide/workdir:ro,Z" "-v" "/var/lib/crater-agent-workspace/cargo-home:/opt/rustwide/cargo-home:ro,Z" "-v" "/var/lib/crater-agent-workspace/rustup-home:/opt/rustwide/rustup-home:ro,Z" "-e" "SOURCE_DIR=/opt/rustwide/workdir" "-e" "CARGO_TARGET_DIR=/opt/rustwide/target" "-e" "CARGO_HOME=/opt/rustwide/cargo-home" "-e" "RUSTUP_HOME=/opt/rustwide/rustup-home" "-w" "/opt/rustwide/workdir" "-m" "1610612736" "--user" "0:0" "--network" "none" "ghcr.io/rust-lang/crates-build-env/linux@sha256:19e73879b68f455e41552ea35293514db52ea292d993f571636dbffedb77a1ee" "/opt/rustwide/cargo-home/bin/cargo" "+e6e4f7ed1589e03bc2f6c5931c1a72e7947e8682" "metadata" "--no-deps" "--format-version=1", kill_on_drop: false }`
[INFO] [stdout] 75c25f6f8b578b31cc773b54e8ce4062caf1f0d07236f9ebe01b1eb645e01c01
[INFO] running `Command { std: "docker" "start" "-a" "75c25f6f8b578b31cc773b54e8ce4062caf1f0d07236f9ebe01b1eb645e01c01", kill_on_drop: false }`
[INFO] running `Command { std: "docker" "inspect" "75c25f6f8b578b31cc773b54e8ce4062caf1f0d07236f9ebe01b1eb645e01c01", kill_on_drop: false }`
[INFO] running `Command { std: "docker" "rm" "-f" "75c25f6f8b578b31cc773b54e8ce4062caf1f0d07236f9ebe01b1eb645e01c01", kill_on_drop: false }`
[INFO] [stdout] 75c25f6f8b578b31cc773b54e8ce4062caf1f0d07236f9ebe01b1eb645e01c01
[INFO] running `Command { std: "docker" "create" "-v" "/var/lib/crater-agent-workspace/builds/worker-1-tc2/target:/opt/rustwide/target:rw,Z" "-v" "/var/lib/crater-agent-workspace/builds/worker-1-tc2/source:/opt/rustwide/workdir:ro,Z" "-v" "/var/lib/crater-agent-workspace/cargo-home:/opt/rustwide/cargo-home:ro,Z" "-v" "/var/lib/crater-agent-workspace/rustup-home:/opt/rustwide/rustup-home:ro,Z" "-e" "SOURCE_DIR=/opt/rustwide/workdir" "-e" "CARGO_TARGET_DIR=/opt/rustwide/target" "-e" "CARGO_INCREMENTAL=0" "-e" "RUST_BACKTRACE=full" "-e" "RUSTFLAGS=--cap-lints=forbid" "-e" "RUSTDOCFLAGS=--cap-lints=forbid" "-e" "CARGO_HOME=/opt/rustwide/cargo-home" "-e" "RUSTUP_HOME=/opt/rustwide/rustup-home" "-w" "/opt/rustwide/workdir" "-m" "1610612736" "--user" "0:0" "--network" "none" "ghcr.io/rust-lang/crates-build-env/linux@sha256:19e73879b68f455e41552ea35293514db52ea292d993f571636dbffedb77a1ee" "/opt/rustwide/cargo-home/bin/cargo" "+e6e4f7ed1589e03bc2f6c5931c1a72e7947e8682" "check" "--frozen" "--all" "--all-targets" "--message-format=json", kill_on_drop: false }`
[INFO] [stdout] 95703740d50eaee130ce843b8f75fc30140df3dc4581760e6cafcd7bd6b5e866
[INFO] running `Command { std: "docker" "start" "-a" "95703740d50eaee130ce843b8f75fc30140df3dc4581760e6cafcd7bd6b5e866", kill_on_drop: false }`
[INFO] [stderr]    Compiling proc-macro2 v1.0.59
[INFO] [stderr]    Compiling quote v1.0.28
[INFO] [stderr]    Compiling unicode-ident v1.0.9
[INFO] [stderr]    Compiling syn v1.0.109
[INFO] [stderr]    Compiling thiserror v1.0.40
[INFO] [stderr]     Checking either v1.8.1
[INFO] [stderr]     Checking itertools v0.10.5
[INFO] [stderr]    Compiling syn v2.0.18
[INFO] [stderr]    Compiling thiserror-impl v1.0.40
[INFO] [stderr]     Checking sqlx-conditional-queries-core v0.1.2 (/opt/rustwide/workdir)
[INFO] [stdout] error[E0080]: evaluation of constant value failed
[INFO] [stdout]   --> src/lib.rs:19:5
[INFO] [stdout]    |
[INFO] [stdout] 19 |     panic!("No database feature was enabled")
[INFO] [stdout]    |     ^^^^^^^^^^^^^^^^^^^^^^^^^^^^^^^^^^^^^^^^^ the evaluated program panicked at 'No database feature was enabled', src/lib.rs:19:5
[INFO] [stdout]    |
[INFO] [stdout]    = note: this error originates in the macro `$crate::panic::panic_2021` which comes from the expansion of the macro `panic` (in Nightly builds, run with -Z macro-backtrace for more info)
[INFO] [stdout] 
[INFO] [stdout] 
[INFO] [stdout] error: aborting due to previous error
[INFO] [stdout] 
[INFO] [stdout] 
[INFO] [stdout] For more information about this error, try `rustc --explain E0080`.
[INFO] [stdout] 
[INFO] [stderr] error: could not compile `sqlx-conditional-queries-core` (lib) due to 2 previous errors
[INFO] [stderr] warning: build failed, waiting for other jobs to finish...
[INFO] [stdout] error[E0080]: evaluation of constant value failed
[INFO] [stdout]   --> src/lib.rs:19:5
[INFO] [stdout]    |
[INFO] [stdout] 19 |     panic!("No database feature was enabled")
[INFO] [stdout]    |     ^^^^^^^^^^^^^^^^^^^^^^^^^^^^^^^^^^^^^^^^^ the evaluated program panicked at 'No database feature was enabled', src/lib.rs:19:5
[INFO] [stdout]    |
[INFO] [stdout]    = note: this error originates in the macro `$crate::panic::panic_2021` which comes from the expansion of the macro `panic` (in Nightly builds, run with -Z macro-backtrace for more info)
[INFO] [stdout] 
[INFO] [stdout] 
[INFO] [stdout] error: aborting due to previous error
[INFO] [stdout] 
[INFO] [stdout] 
[INFO] [stdout] For more information about this error, try `rustc --explain E0080`.
[INFO] [stdout] 
[INFO] [stderr] error: could not compile `sqlx-conditional-queries-core` (lib test) due to 2 previous errors
[INFO] running `Command { std: "docker" "inspect" "95703740d50eaee130ce843b8f75fc30140df3dc4581760e6cafcd7bd6b5e866", kill_on_drop: false }`
[INFO] running `Command { std: "docker" "rm" "-f" "95703740d50eaee130ce843b8f75fc30140df3dc4581760e6cafcd7bd6b5e866", kill_on_drop: false }`
[INFO] [stdout] 95703740d50eaee130ce843b8f75fc30140df3dc4581760e6cafcd7bd6b5e866
